y 17744?
7
What is the remainder when 169743 is divided by 10714?
9033
Calculate the remainder when 1715465 is divided by 687.
26
What is the remainder when 4404480 is divided by 377?
366
Calculate the remainder when 2843619 is divided by 21378.
345
What is the remainder when 1351813117 is divided by 40?
37
What is the remainder when 6014608 is divided by 4148?
8
Calculate the remainder when 15087460 is divided by 1742.
1740
Calculate the remainder when 19732 is divided by 2192.
4
What is the remainder when 10228781 is divided by 2652?
17
Calculate the remainder when 70591 is divided by 96.
31
What is the remainder when 10915137 is divided by 29?
1
Calculate the remainder when 4684592 is divided by 4684591.
1
Calculate the remainder when 1430777 is divided by 23.
16
What is the remainder when 9547330 is divided by 310?
260
What is the remainder when 6245664 is divided by 36?
24
What is the remainder when 33006771 is divided by 3332?
3311
What is the remainder when 488727690 is divided by 10653?
9
Calculate the remainder when 765204 is divided by 6716.
6296
What is the remainder when 137635533 is divided by 38?
27
Calculate the remainder when 704210269 is divided by 27703.
9
Calculate the remainder when 479820 is divided by 52.
16
Calculate the remainder when 4736034 is divided by 37888.
34
Calculate the remainder when 74800 is divided by 1107.
631
Calculate the remainder when 158755 is divided by 1293.
1009
What is the remainder when 3972455 is divided by 524?
11
What is the remainder when 919129 is divided by 10?
9
What is the remainder when 344429 is divided by 1290?
1289
Calculate the remainder when 18039926 is divided by 462562.
8
What is the remainder when 10790218 is divided by 67863?
1
What is the remainder when 711108 is divided by 6464?
68
Calculate the remainder when 8388108 is divided by 104.
92
Calculate the remainder when 349849 is divided by 87418.
177
What is the remainder when 23747 is divided by 507?
425
Calculate the remainder when 52978 is divided by 26472.
34
Calculate the remainder when 4123485 is divided by 597.
6
What is the remainder when 9351 is divided by 2313?
99
Calculate the remainder when 137435 is divided by 2869.
2592
What is the remainder when 424369 is divided by 371?
316
What is the remainder when 710189 is divided by 933?
176
Calculate the remainder when 3838075 is divided by 24603.
7
What is the remainder when 13526257 is divided by 68661?
40
Calculate the remainder when 49857 is divided by 9.
6
Calculate the remainder when 4973813 is divided by 14803.
5
Calculate the remainder when 4255694 is divided by 572.
14
Calculate the remainder when 33604 is divided by 5250.
2104
Calculate the remainder when 167669 is divided by 2679.
1571
What is the remainder when 125063 is divided by 1877?
1181
Calculate the remainder when 4582 is divided by 2837.
1745
Calculate the remainder when 5395936 is divided by 2216.
2192
What is the remainder when 5702278 is divided by 445?
48
Calculate the remainder when 5210404 is divided by 4711.
38
What is the remainder when 45902263 is divided by 8?
7
What is the remainder when 64377 is divided by 1317?
1161
What is the remainder when 39059 is divided by 37136?
1923
What is the remainder when 863878 is divided by 3807?
3496
What is the remainder when 15374834 is divided by 2422?
2400
Calculate the remainder when 422316 is divided by 211033.
250
Calculate the remainder when 1037961 is divided by 496.
329
What is the remainder when 3886 is divided by 3218?
668
What is the remainder when 44128 is divided by 10903?
516
What is the remainder when 243278258 is divided by 2322?
2318
What is the remainder when 19203223 is divided by 44?
39
Calculate the remainder when 196003 is divided by 246.
187
What is the remainder when 2586176 is divided by 519?
518
Calculate the remainder when 308007 is divided by 1750.
7
Calculate the remainder when 856330 is divided by 7319.
7
What is the remainder when 3865782 is divided by 20?
2
Calculate the remainder when 352229 is divided by 22009.
85
What is the remainder when 841106 is divided by 5717?
707
What is the remainder when 1751160 is divided by 3225?
3210
Calculate the remainder when 260254 is divided by 17349.
19
What is the remainder when 78326465 is divided by 343?
14
Calculate the remainder when 2727284 is divided by 149.
137
Calculate the remainder when 3226427 is divided by 232.
3
What is the remainder when 524521 is divided by 524440?
81
Calculate the remainder when 283910 is divided by 283266.
644
Calculate the remainder when 303795 is divided by 44.
19
Calculate the remainder when 116954 is divided by 19210.
1694
Calculate the remainder when 176271 is divided by 80.
31
What is the remainder when 177551 is divided by 1032?
47
Calculate the remainder when 1034833 is divided by 31.
22
Calculate the remainder when 60519 is divided by 30078.
363
What is the remainder when 19977553 is divided by 152?
41
Calculate the remainder when 129144023 is divided by 418.
415
What is the remainder when 29943884 is divided by 312?
308
Calculate the remainder when 20182863 is divided by 245.
8
Calculate the remainder when 1113488 is divided by 177.
158
Calculate the remainder when 2675886 is divided by 93.
90
What is the remainder when 1499643 is divided by 541?
532
Calculate the remainder when 187635 is divided by 752.
387
What is the remainder when 18069784 is divided by 510?
484
What is the remainder when 1802091 is divided by 3055?
2696
Calculate the remainder when 85166 is divided by 21264.
110
What is the remainder when 215444 is divided by 71805?
29
Calculate the remainder when 1235351 is divided by 411729.
164
Calculate the remainder when 999241 is divided by 199847.
6
Calculate the remainder when 774209 is divided by 193466.
345
Calculate the remainder when 118551657 is divided by 1232.
1225
What is the remainder when 25972 is divided by 5739?
3016
What is the remainder when 2312476 is divided by 770825?
1
Calculate the remainder when 316370757 is divided by 20.
17
Calculate the remainder when 251127 is divided by 4255.
82
What is the remainder when 86603515 is divided by 4560?
4555
What is the remainder when 129822 is divided by 14772?
11646
What is the remainder when 133235 is divided by 69?
65
Calculate the remainder when 244917761 is divided by 191.
180
What is the remainder when 1106870 is divided by 553237?
396
What is the remainder when 60811644 is divided by 2294?
2292
What is the remainder when 20130 is divided by 156?
6
Calculate the remainder when 73201 is divided by 8065.
616
Calculate the remainder when 52925 is divided by 1927.
896
What is the remainder when 5714473 is divided by 476205?
13
Calculate the remainder when 18515 is divided by 5489.
2048
What is the remainder when 734387 is divided by 218?
163
What is the remainder when 19719507 is divided by 19719496?
11
What is the remainder when 35865645 is divided by 504?
501
Calculate the remainder when 1058410 is divided by 1058313.
97
Calculate the remainder when 125588340 is divided by 2548.
2516
Calculate the remainder when 8701488 is divided by 1970.
1968
What is the remainder when 8818830 is divided by 675?
630
Calculate the remainder when 1151141 is divided by 519.
518
What is the remainder when 15190797 is divided by 1759?
73
Calculate the remainder when 1409877 is divided by 469930.
87
What is the remainder when 26141884 is divided by 12?
4
What is the remainder when 499038 is divided by 3699?
3372
What is the remainder when 1077304 is divided by 1900?
4
Calculate the remainder when 1226429 is divided by 44.
17
Calculate the remainder when 197276 is divided by 17887.
519
What is the remainder when 518898 is divided by 261?
30
What is the remainder when 21772592 is divided by 541?
47
Calculate the remainder when 40589839 is divided by 58.
47
What is the remainder when 46859493 is divided by 1595?
1583
Calculate the remainder when 3261281 is divided by 1639.
1310
What is the remainder when 1552585 is divided by 6231?
1066
Calculate the remainder when 22252 is divided by 216.
4
What is the remainder when 565916345 is divided by 279?
278
What is the remainder when 7629570 is divided by 745?
25
Calculate the remainder when 939250 is divided by 686.
116
What is the remainder when